n = -q*c + 475. What is the units digit of c?
1
Let z(x) = 2*x**3 - 5*x - 21*x + 53*x**2 - 3*x - 26. What is the units digit of z(-27)?
8
Suppose 522 = 5*i + d, -2*i + d = -0*i - 206. Let g = 631 - 608. Let f = i + g. What is the units digit of f?
7
Suppose -v = 3*v - 12, 4*o + v = -61. What is the hundreds digit of 328*((-8)/o + 2)?
8
Let q(o) = 18*o + 23 - 34*o + 41. What is the tens digit of q(-23)?
3
Let i(u) = u**2 + 8*u + 31. Let f(s) = -4*s - 66. Let t be f(-17). Suppose 38 = -t*y + 2*b, -2*y - y - 47 = -b. What is the hundreds digit of i(y)?
1
Suppose -3*y = 3*m - 12, -5*y + 3*m + 19 = -1. Let w(n) = y*n**2 - 4 - n**3 - 7 + 2*n**2 + 4. What is the units digit of w(5)?
8
Suppose -9*w + 47605 = 13387. What is the units digit of w?
2
What is the hundreds digit of 12 + 8404 - (-180)/20?
4
Let m(w) = w**3 + 20*w**2 + 36*w + 16. Let y be m(-18). Let r = -58 + y. What is the units digit of (r/(-8))/(2/32)?
4
Suppose -6*p = -4734 + 414. Let k = -509 + p. What is the units digit of k?
1
Let x(i) = 18502*i**2 - 1232*i. What is the tens digit of x(2)?
4
Suppose 6*z - 473280 = -24*z. Suppose 213*k = 197*k + z. What is the tens digit of k?
8
What is the units digit of ((-36)/45)/(2/10) - -10808?
4
Let c be 2/8*-2*-310. Suppose 5*o - 55 = -l, l - c = -4*l - o. Suppose 9*v + l = 10*v. What is the units digit of v?
0
Let m(i) = 271*i + 280. Let d be m(7). Let c = d + -1253. What is the tens digit of c?
2
What is the tens digit of (812/(-28) + 34)*(6947 - 0)?
3
Suppose -2102 + 634 = -4*k. Let a = k - -85. What is the units digit of a?
2
Let p(y) = -y**3 + 11*y**2 - 22*y - 16. Let c be p(8). Suppose 15*h - 11*h - 4*w = 3380, c = 5*h + 4*w - 4270. What is the units digit of h?
0
What is the units digit of 26/(-91) + 65361/7 + 6?
3
Suppose o = 3*i - 52, 125 = -2*o - 3*i + 2*i. Let t = 47 - o. What is the units digit of t?
8
Let a be (-154)/(-21) - 6 - 6/(-9). Suppose -a*z + 564 = 3*m, -2*z + 3*z + 564 = 3*m. What is the tens digit of m?
8
Let p = 11106 + -2124. What is the thousands digit of p?
8
Let z be (-6)/(-4)*(6/3 - -20). Let x = z - 98. What is the hundreds digit of 5/(x/(-2624)) - (-4)/26?
2
Suppose 4*s - 8 = -16. Let v be s + (-3)/3 + -2 + 83. Suppose -20 = o - 3*i - 98, -i = o - v. What is the tens digit of o?
7
Let h(x) = x**3 - x**2 - 16*x - 2. Let u be h(4). What is the tens digit of (-2512)/6*u/12?
2
Let t = 86 - 77. Let p be (-4)/18 - 8/(-36). Suppose t*a - 757 - 98 = p. What is the tens digit of a?
9
Let c(h) = h**3 - 1. Let x(i) = -5*i**3 - 23*i**2 - 10*i - 21. Let v(b) = -6*c(b) - x(b). What is the hundreds digit of v(20)?
4
Let g(x) = -18*x - 17. Let r = 32 - 17. Suppose -a - 10 = 2*a - 5*l, -5*l = -4*a - r. What is the tens digit of g(a)?
7
Let m(g) = -2*g**3 - 2*g**2 + 10*g - 1. Let o be m(-3). Suppose 3*c + 5*b = 337, -4*c + 5*c + o*b - 109 = 0. What is the hundreds digit of c?
1
Let r be 8/28 - 2/7. Suppose 7*x - 222 - 1416 = r. Suppose m = -5*b + 194, -33 = m - 2*b - x. What is the units digit of m?
9
Let r(k) = k**3 - 4*k**2 + 2*k + 78. What is the tens digit of r(6)?
6
Suppose i - 42 = -i. Let o = -234 + 363. Let n = o + i. What is the units digit of n?
0
Suppose -5*p = d - 15478, 259*d + 61866 = 263*d - 3*p. What is the tens digit of d?
6
Suppose -2*z - 30283 = -5*z - 2*d, -3*d = -4*z + 40400. What is the tens digit of z?
9
Suppose -5*d + 11*v - 10*v + 28 = 0, d + 4*v - 14 = 0. Let l(i) = 102*i - 27. What is the units digit of l(d)?
5
Suppose 7135 + 7705 = 2*u + 2*c, -u + 5*c + 7450 = 0. Suppose 0 = -10*d - 5*d + u. What is the units digit of d?
5
What is the thousands digit of 2728/(-198) + 14 + (-103190)/(-18)?
5
Suppose 4*o - 4*l - 16 = 0, -2*l = o - 1 - 3. Let h be o + -2 - (2 - 0/(-2)). What is the units digit of (-20)/60 - (h + (-590)/6)?
8
Suppose -2*r + 12 = 4*k, r + 12 - 3 = k. Let p be r - (2 + 1 - 0). Let u = 14 - p. What is the tens digit of u?
2
Let h = -5138 + 7008. What is the units digit of h?
0
Suppose -13*k = -10*k + r - 19656, 2*k + 3*r - 13097 = 0. What is the tens digit of k?
5
Suppose 3894 = 3*j + 3*d, -5188 = -10*j + 6*j - 2*d. Let t = j - 613. What is the hundreds digit of t?
6
Suppose 13*x - 5*x = 1168. What is the tens digit of (x + 3)/(2/14)?
4
Suppose 0 = 2*w + 5*v - 30341 + 4983, 5*v + 25358 = 2*w. What is the tens digit of w?
7
Let w(u) = 145*u**2 + 2 - 5*u + u - u**3 - 140*u**2. Let k be w(3). Let v(z) = z**3 - 7*z**2 + 2*z + 3. What is the units digit of v(k)?
3
Let p be 2/8*(5 - (-14 + 7)). Suppose 0 = -21*r - p*r + 45000. What is the units digit of r?
5
Let n(a) = a + 1. Let s be n(10). Let u(h) = 9*h - 248. Let z be u(28). Suppose -s*v = -z*v - 1001. What is the hundreds digit of v?
1
Let x(v) = -2*v**3 + 6*v + 8. Let z be x(-4). Let c = 116 - z. Suppose -c*r + 0*h = -5*h - 256, r - 4*h = 75. What is the units digit of r?
9
Let d(z) = 2*z**2 - 7*z**2 - 28 + 21*z + 3*z**2 - 2*z**3 + z**3. Let t(g) = g**2 - g + 1. Let f(m) = -d(m) - 6*t(m). What is the units digit of f(8)?
8
Suppose 5*x + 9972 = v, 3*v - 14*x - 29868 = -11*x. What is the tens digit of v?
5
What is the ten thousands digit of (-449 - -4)*(933/(-15) - 15)?
3
Let t(p) = 121*p**2 + 2*p + 2. Let v = -56 - -55. Let i be ((v/2)/(2/8))/2. What is the tens digit of t(i)?
2
Let r(z) = -10*z**2 + 4*z. Let f be 7 - 3 - 4 - -2. Let q be r(f). Let v = q - -46. What is the units digit of v?
4
Let g(k) = 175*k + 1435. What is the tens digit of g(62)?
8
Let j(x) be the first derivative of -x**3/3 - 8*x**2 - 35*x - 4. Let b be j(-15). Let o = 44 + b. What is the units digit of o?
4
Suppose -492426 = 209*q - 407*q. What is the thousands digit of q?
2
Suppose -3*v = 2 - 17, 3*n - 940 = v. Suppose a - 3141 = -2*u + n, -4*a = 0. What is the tens digit of u?
2
Let o(x) = -x - 11*x - 7*x - 37 - 3. What is the tens digit of o(-6)?
7
Let b(k) = -7042*k**3 - 8*k**2 - 24*k - 11. What is the hundreds digit of b(-2)?
3
Let r(z) = -205 - 122*z + 53*z + 103*z. What is the hundreds digit of r(15)?
3
Suppose -79*o - 896622 = -137*o. What is the hundreds digit of o?
4
Let t(x) = 288*x**3 + 2*x**2 - 12*x + 41. What is the hundreds digit of t(3)?
7
Let c = 11455 + -5664. What is the hundreds digit of c?
7
Suppose -2*i + 2*c = -19206, c - 4866 = 4*i - 43266. What is the hundreds digit of i?
5
Suppose -4710 - 10536 = -22*p. Suppose 0 = z - 2*o - 177, -17*z + 13*z + 3*o + p = 0. What is the hundreds digit of z?
1
Suppose -4 = -2*p, 9*h + 4 = 6*h - p. What is the units digit of ((-73)/h)/(-5 - 186/(-36))?
9
Let z be 120663/(-6 - -15) + 3. Suppose -4*r + z = 11*r. What is the tens digit of r?
9
Suppose -v = -59 - 21. Suppose 5*i - 5*t + 340 = -10*t, -i - 4*t - v = 0. Let g = 49 - i. What is the hundreds digit of g?
1
Let l be ((-36)/16)/(2/(-144)). Suppose 5*v = 8*v. Suppose 4*t + 4*w - 300 = v, t + 5*w - l = -t. What is the tens digit of t?
7
What is the ten thousands digit of (((-9)/(-18))/((-1)/1416))/(12/(-216))?
1
Suppose 4*c + 189 = -3*u + 2*c, -2*c - 6 = 0. Let t = 53 + u. Let i(d) = d**2 + 7*d + 16. What is the tens digit of i(t)?
2
Suppose 0 = -17*g + 1940 + 16607. What is the units digit of g?
1
Suppose 39*m - 30*m + 36 = 0. What is the units digit of m - 2*(6 - 42)?
8
Let p = 200 - 111. Let r = -93 + p. What is the units digit of (29/3)/(r + (-363)/(-90))?
0
Let k(y) = 950*y**2 - 8*y + 9. Let z be k(1). Let s = z - 503. What is the units digit of s?
8
Suppose 361*x = 365*x - 224. Let k = 851 - x. What is the hundreds digit of k?
7
Suppose -3*b - 6 = -5*j, -5*b - 4*j = -12 - 15. Let s(l) = 17*l**2 + 3*l + 1. What is the hundreds digit of s(b)?
1
Let l(a) be the second derivative of a**4/6 + 17*a**3/6 + 7*a**2 + 58*a. What is the tens digit of l(-16)?
5
Suppose -3*p + 11820 = 3*x, -4*x + 15814 = 14*p - p. What is the hundreds digit of x?
9
Let j be 45782/14 - 3/21. Suppose 3*g = 3*n - j, -n = g + 252 - 1332. What is the units digit of n?
5
Let v(l) = -2*l**2 - 8*l + 4. Let c be v(-4). Let u = c - 41. What is the tens digit of (-6)/2 - u - (-2 - 1)?
3
Let m = 16329 - 1269. What is the tens digit of m?
6
Suppose 1461 - 579 = -2*z. Suppose 3*p = -9 + 21, 3*p - 1893 = 3*c. Let b = z - c. What is the hundreds digit of b?
1
Let f(n) = 576*n**2 - 5*n - 11. Let b be f(-2). Let l = b - 1330. What is the units digit of l?
3
Let d be (52/65)/(-2) + 3/(-5). What is the 